{"id":2005,"date":"2020-06-15T10:56:10","date_gmt":"2020-06-15T08:56:10","guid":{"rendered":"https:\/\/www.reclaim-award.org\/?page_id=2005"},"modified":"2020-08-27T16:35:27","modified_gmt":"2020-08-27T14:35:27","slug":"baerbel-moellmann","status":"publish","type":"page","link":"https:\/\/www.reclaim-award.org\/en\/winners\/baerbel-moellmann\/","title":{"rendered":"B\u00e4rbel M\u00f6llmann<br \/>Camera obscura Wien (Schlafzimmer)"},"content":{"rendered":"For her photographs, B\u00e4rbel M\u00f6llmann darkens the rooms of an apartment in Vienna. The curtains act as a backdrop as she projects the image of the outside world upside-down. Complete darkness forces the artist&#8217;s eyes to patiently pay attention. Only after a few minutes is she capable of discerning the photograph. She shoots the picture with the help of a long exposure, which results in an accumulation of photos. The furniture of the apartment mixes inseparably with the upside-down image of the cityscape as it presents itself in front of the window. It\u2019s as if one were looking in both directions at the same time, deciding which view to turn one&#8217;s attention toward\u2014a captivating contemplation for the viewer. ","protected":false},"excerpt":{"rendered":"<p>For her photographs, B\u00e4rbel M\u00f6llmann darkens the rooms of an apartment in Vienna. The curtains act as a backdrop as she projects the image of the outside world upside-down. Complete darkness forces the artist&#8217;s eyes to patiently pay attention. Only after a few minutes is she capable of discerning the photograph. She shoots the picture [&hellip;]<\/p>\n","protected":false},"author":2,"featured_media":2323,"parent":1840,"menu_order":0,"comment_status":"closed","ping_status":"closed","template":"page-gewinner.php","meta":[],"yoast_head":"<!-- This site is optimized with the Yoast SEO plugin v18.4.1 - https:\/\/yoast.com\/wordpress\/plugins\/seo\/ -->\n<title>B\u00e4rbel M\u00f6llmannCamera obscura Wien (Schlafzimmer) &mdash; Reclaim Award<\/title>\n<meta name=\"robots\" content=\"index, follow, max-snippet:-1, max-image-preview:large, max-video-preview:-1\" \/>\n<link rel=\"canonical\" href=\"https:\/\/www.reclaim-award.org\/en\/winners\/baerbel-moellmann\/\" \/>\n<meta property=\"og:locale\" content=\"en_US\" \/>\n<meta property=\"og:type\" content=\"article\" \/>\n<meta property=\"og:title\" content=\"B\u00e4rbel M\u00f6llmannCamera obscura Wien (Schlafzimmer) &mdash; Reclaim Award\" \/>\n<meta property=\"og:description\" content=\"For her photographs, B\u00e4rbel M\u00f6llmann darkens the rooms of an apartment in Vienna. The curtains act as a backdrop as she projects the image of the outside world upside-down. Complete darkness forces the artist&#8217;s eyes to patiently pay attention. Only after a few minutes is she capable of discerning the photograph. She shoots the picture [&hellip;]\" \/>\n<meta property=\"og:url\" content=\"https:\/\/www.reclaim-award.org\/en\/winners\/baerbel-moellmann\/\" \/>\n<meta property=\"og:site_name\" content=\"Reclaim Award\" \/>\n<meta property=\"article:publisher\" content=\"https:\/\/www.facebook.com\/reclaimaward\/\" \/>\n<meta property=\"article:modified_time\" content=\"2020-08-27T14:35:27+00:00\" \/>\n<meta property=\"og:image\" content=\"https:\/\/www.reclaim-award.org\/wp-content\/uploads\/2020\/06\/Reclaim-Award-2020_Baerbel_Moelmann-0354.jpg\" \/>\n\t<meta property=\"og:image:width\" content=\"1600\" \/>\n\t<meta property=\"og:image:height\" content=\"1067\" \/>\n\t<meta property=\"og:image:type\" content=\"image\/jpeg\" \/>\n<meta name=\"twitter:card\" content=\"summary_large_image\" \/>\n<meta name=\"twitter:label1\" content=\"Est. reading time\" \/>\n\t<meta name=\"twitter:data1\" content=\"1 minute\" \/>\n<script type=\"application\/ld+json\" class=\"yoast-schema-graph\">{\"@context\":\"https:\/\/schema.org\",\"@graph\":[{\"@type\":\"WebSite\",\"@id\":\"https:\/\/www.reclaim-award.org\/en\/#website\",\"url\":\"https:\/\/www.reclaim-award.org\/en\/\",\"name\":\"Reclaim Award\",\"description\":\"Eine weitere WordPress-Website\",\"potentialAction\":[{\"@type\":\"SearchAction\",\"target\":{\"@type\":\"EntryPoint\",\"urlTemplate\":\"https:\/\/www.reclaim-award.org\/en\/?s={search_term_string}\"},\"query-input\":\"required name=search_term_string\"}],\"inLanguage\":\"en-US\"},{\"@type\":\"ImageObject\",\"@id\":\"https:\/\/www.reclaim-award.org\/en\/winners\/baerbel-moellmann\/#primaryimage\",\"inLanguage\":\"en-US\",\"url\":\"https:\/\/www.reclaim-award.org\/wp-content\/uploads\/2020\/06\/Reclaim-Award-2020_Baerbel_Moelmann-0354.jpg\",\"contentUrl\":\"https:\/\/www.reclaim-award.org\/wp-content\/uploads\/2020\/06\/Reclaim-Award-2020_Baerbel_Moelmann-0354.jpg\",\"width\":1600,\"height\":1067},{\"@type\":\"WebPage\",\"@id\":\"https:\/\/www.reclaim-award.org\/en\/winners\/baerbel-moellmann\/#webpage\",\"url\":\"https:\/\/www.reclaim-award.org\/en\/winners\/baerbel-moellmann\/\",\"name\":\"B\u00e4rbel M\u00f6llmann Camera obscura Wien (Schlafzimmer) &mdash; Reclaim Award\",\"isPartOf\":{\"@id\":\"https:\/\/www.reclaim-award.org\/en\/#website\"},\"primaryImageOfPage\":{\"@id\":\"https:\/\/www.reclaim-award.org\/en\/winners\/baerbel-moellmann\/#primaryimage\"},\"datePublished\":\"2020-06-15T08:56:10+00:00\",\"dateModified\":\"2020-08-27T14:35:27+00:00\",\"breadcrumb\":{\"@id\":\"https:\/\/www.reclaim-award.org\/en\/winners\/baerbel-moellmann\/#breadcrumb\"},\"inLanguage\":\"en-US\",\"potentialAction\":[{\"@type\":\"ReadAction\",\"target\":[\"https:\/\/www.reclaim-award.org\/en\/winners\/baerbel-moellmann\/\"]}]},{\"@type\":\"BreadcrumbList\",\"@id\":\"https:\/\/www.reclaim-award.org\/en\/winners\/baerbel-moellmann\/#breadcrumb\",\"itemListElement\":[{\"@type\":\"ListItem\",\"position\":1,\"name\":\"Startseite\",\"item\":\"https:\/\/www.reclaim-award.org\/en\/\"},{\"@type\":\"ListItem\",\"position\":2,\"name\":\"Winners 2020\",\"item\":\"https:\/\/www.reclaim-award.org\/en\/winners\/\"},{\"@type\":\"ListItem\",\"position\":3,\"name\":\"B\u00e4rbel M\u00f6llmannCamera obscura Wien (Schlafzimmer)\"}]}]}<\/script>\n<!-- \/ Yoast SEO plugin. -->","yoast_head_json":{"title":"B\u00e4rbel M\u00f6llmannCamera obscura Wien (Schlafzimmer) &mdash; Reclaim Award","robots":{"index":"index","follow":"follow","max-snippet":"max-snippet:-1","max-image-preview":"max-image-preview:large","max-video-preview":"max-video-preview:-1"},"canonical":"https:\/\/www.reclaim-award.org\/en\/winners\/baerbel-moellmann\/","og_locale":"en_US","og_type":"article","og_title":"B\u00e4rbel M\u00f6llmannCamera obscura Wien (Schlafzimmer) &mdash; Reclaim Award","og_description":"For her photographs, B\u00e4rbel M\u00f6llmann darkens the rooms of an apartment in Vienna. The curtains act as a backdrop as she projects the image of the outside world upside-down. Complete darkness forces the artist&#8217;s eyes to patiently pay attention. Only after a few minutes is she capable of discerning the photograph. She shoots the picture [&hellip;]","og_url":"https:\/\/www.reclaim-award.org\/en\/winners\/baerbel-moellmann\/","og_site_name":"Reclaim Award","article_publisher":"https:\/\/www.facebook.com\/reclaimaward\/","article_modified_time":"2020-08-27T14:35:27+00:00","og_image":[{"width":1600,"height":1067,"url":"https:\/\/www.reclaim-award.org\/wp-content\/uploads\/2020\/06\/Reclaim-Award-2020_Baerbel_Moelmann-0354.jpg","type":"image\/jpeg"}],"twitter_card":"summary_large_image","twitter_misc":{"Est. reading time":"1 minute"},"schema":{"@context":"https:\/\/schema.org","@graph":[{"@type":"WebSite","@id":"https:\/\/www.reclaim-award.org\/en\/#website","url":"https:\/\/www.reclaim-award.org\/en\/","name":"Reclaim Award","description":"Eine weitere WordPress-Website","potentialAction":[{"@type":"SearchAction","target":{"@type":"EntryPoint","urlTemplate":"https:\/\/www.reclaim-award.org\/en\/?s={search_term_string}"},"query-input":"required name=search_term_string"}],"inLanguage":"en-US"},{"@type":"ImageObject","@id":"https:\/\/www.reclaim-award.org\/en\/winners\/baerbel-moellmann\/#primaryimage","inLanguage":"en-US","url":"https:\/\/www.reclaim-award.org\/wp-content\/uploads\/2020\/06\/Reclaim-Award-2020_Baerbel_Moelmann-0354.jpg","contentUrl":"https:\/\/www.reclaim-award.org\/wp-content\/uploads\/2020\/06\/Reclaim-Award-2020_Baerbel_Moelmann-0354.jpg","width":1600,"height":1067},{"@type":"WebPage","@id":"https:\/\/www.reclaim-award.org\/en\/winners\/baerbel-moellmann\/#webpage","url":"https:\/\/www.reclaim-award.org\/en\/winners\/baerbel-moellmann\/","name":"B\u00e4rbel M\u00f6llmann Camera obscura Wien (Schlafzimmer) &mdash; Reclaim Award","isPartOf":{"@id":"https:\/\/www.reclaim-award.org\/en\/#website"},"primaryImageOfPage":{"@id":"https:\/\/www.reclaim-award.org\/en\/winners\/baerbel-moellmann\/#primaryimage"},"datePublished":"2020-06-15T08:56:10+00:00","dateModified":"2020-08-27T14:35:27+00:00","breadcrumb":{"@id":"https:\/\/www.reclaim-award.org\/en\/winners\/baerbel-moellmann\/#breadcrumb"},"inLanguage":"en-US","potentialAction":[{"@type":"ReadAction","target":["https:\/\/www.reclaim-award.org\/en\/winners\/baerbel-moellmann\/"]}]},{"@type":"BreadcrumbList","@id":"https:\/\/www.reclaim-award.org\/en\/winners\/baerbel-moellmann\/#breadcrumb","itemListElement":[{"@type":"ListItem","position":1,"name":"Startseite","item":"https:\/\/www.reclaim-award.org\/en\/"},{"@type":"ListItem","position":2,"name":"Winners 2020","item":"https:\/\/www.reclaim-award.org\/en\/winners\/"},{"@type":"ListItem","position":3,"name":"B\u00e4rbel M\u00f6llmannCamera obscura Wien (Schlafzimmer)"}]}]}},"_links":{"self":[{"href":"https:\/\/www.reclaim-award.org\/en\/wp-json\/wp\/v2\/pages\/2005\/"}],"collection":[{"href":"https:\/\/www.reclaim-award.org\/en\/wp-json\/wp\/v2\/pages\/"}],"about":[{"href":"https:\/\/www.reclaim-award.org\/en\/wp-json\/wp\/v2\/types\/page\/"}],"author":[{"embeddable":true,"href":"https:\/\/www.reclaim-award.org\/en\/wp-json\/wp\/v2\/users\/2\/"}],"replies":[{"embeddable":true,"href":"https:\/\/www.reclaim-award.org\/en\/wp-json\/wp\/v2\/comments\/?post=2005"}],"version-history":[{"count":2,"href":"https:\/\/www.reclaim-award.org\/en\/wp-json\/wp\/v2\/pages\/2005\/revisions\/"}],"predecessor-version":[{"id":2199,"href":"https:\/\/www.reclaim-award.org\/en\/wp-json\/wp\/v2\/pages\/2005\/revisions\/2199\/"}],"up":[{"embeddable":true,"href":"https:\/\/www.reclaim-award.org\/en\/wp-json\/wp\/v2\/pages\/1840\/"}],"wp:featuredmedia":[{"embeddable":true,"href":"https:\/\/www.reclaim-award.org\/en\/wp-json\/wp\/v2\/media\/2323\/"}],"wp:attachment":[{"href":"https:\/\/www.reclaim-award.org\/en\/wp-json\/wp\/v2\/media\/?parent=2005"}],"curies":[{"name":"wp","href":"https:\/\/api.w.org\/{rel}","templated":true}]}}

Bärbel Möllmann<br />Camera obscura Wien (Schlafzimmer)

For her photographs, Bärbel Möllmann darkens the rooms of an apartment in Vienna. The curtains act as a backdrop as she projects the image of the outside world upside-down. Complete darkness forces the artist&#8217;s eyes to patiently pay attention. Only after a few minutes is she capable of discerning the photograph. She shoots the picture with the help of a long exposure, which results in an accumulation of photos. The furniture of the apartment mixes inseparably with the upside-down image of the cityscape as it presents itself in front of the window. It’s as if one were looking in both directions at the same time, deciding which view to turn one&#8217;s attention toward—a captivating contemplation for the viewer.

<p>For her photographs, Bärbel Möllmann darkens the rooms of an apartment in Vienna. The curtains act as a backdrop as she projects the image of the outside world upside-down. Complete darkness forces the artist&#8217;s eyes to patiently pay attention. Only after a few minutes is she capable of discerning the photograph. She shoots the picture [&hellip;]</p>

<!-- This site is optimized with the Yoast SEO plugin v18.4.1 - https://yoast.com/wordpress/plugins/seo/ -->
<title>Bärbel MöllmannCamera obscura Wien (Schlafzimmer) &mdash; Reclaim Award</title>
<meta name="robots" content="index, follow, max-snippet:-1, max-image-preview:large, max-video-preview:-1" />
<link rel="canonical" href="https://www.reclaim-award.org/en/winners/baerbel-moellmann/" />
<meta property="og:locale" content="en_US" />
<meta property="og:type" content="article" />
<meta property="og:title" content="Bärbel MöllmannCamera obscura Wien (Schlafzimmer) &mdash; Reclaim Award" />
<meta property="og:description" content="For her photographs, Bärbel Möllmann darkens the rooms of an apartment in Vienna. The curtains act as a backdrop as she projects the image of the outside world upside-down. Complete darkness forces the artist&#8217;s eyes to patiently pay attention. Only after a few minutes is she capable of discerning the photograph. She shoots the picture [&hellip;]" />
<meta property="og:url" content="https://www.reclaim-award.org/en/winners/baerbel-moellmann/" />
<meta property="og:site_name" content="Reclaim Award" />
<meta property="article:publisher" content="https://www.facebook.com/reclaimaward/" />
<meta property="article:modified_time" content="2020-08-27T14:35:27+00:00" />
<meta property="og:image" content="https://www.reclaim-award.org/wp-content/uploads/2020/06/Reclaim-Award-2020_Baerbel_Moelmann-0354.jpg" />
	<meta property="og:image:width" content="1600" />
	<meta property="og:image:height" content="1067" />
	<meta property="og:image:type" content="image/jpeg" />
<meta name="twitter:card" content="summary_large_image" />
<meta name="twitter:label1" content="Est. reading time" />
	<meta name="twitter:data1" content="1 minute" />
<script type="application/ld+json" class="yoast-schema-graph">{"@context":"https://schema.org","@graph":[{"@type":"WebSite","@id":"https://www.reclaim-award.org/en/#website","url":"https://www.reclaim-award.org/en/","name":"Reclaim Award","description":"Eine weitere WordPress-Website","potentialAction":[{"@type":"SearchAction","target":{"@type":"EntryPoint","urlTemplate":"https://www.reclaim-award.org/en/?s={search_term_string}"},"query-input":"required name=search_term_string"}],"inLanguage":"en-US"},{"@type":"ImageObject","@id":"https://www.reclaim-award.org/en/winners/baerbel-moellmann/#primaryimage","inLanguage":"en-US","url":"https://www.reclaim-award.org/wp-content/uploads/2020/06/Reclaim-Award-2020_Baerbel_Moelmann-0354.jpg","contentUrl":"https://www.reclaim-award.org/wp-content/uploads/2020/06/Reclaim-Award-2020_Baerbel_Moelmann-0354.jpg","width":1600,"height":1067},{"@type":"WebPage","@id":"https://www.reclaim-award.org/en/winners/baerbel-moellmann/#webpage","url":"https://www.reclaim-award.org/en/winners/baerbel-moellmann/","name":"Bärbel Möllmann Camera obscura Wien (Schlafzimmer) &mdash; Reclaim Award","isPartOf":{"@id":"https://www.reclaim-award.org/en/#website"},"primaryImageOfPage":{"@id":"https://www.reclaim-award.org/en/winners/baerbel-moellmann/#primaryimage"},"datePublished":"2020-06-15T08:56:10+00:00","dateModified":"2020-08-27T14:35:27+00:00","breadcrumb":{"@id":"https://www.reclaim-award.org/en/winners/baerbel-moellmann/#breadcrumb"},"inLanguage":"en-US","potentialAction":[{"@type":"ReadAction","target":["https://www.reclaim-award.org/en/winners/baerbel-moellmann/"]}]},{"@type":"BreadcrumbList","@id":"https://www.reclaim-award.org/en/winners/baerbel-moellmann/#breadcrumb","itemListElement":[{"@type":"ListItem","position":1,"name":"Startseite","item":"https://www.reclaim-award.org/en/"},{"@type":"ListItem","position":2,"name":"Winners 2020","item":"https://www.reclaim-award.org/en/winners/"},{"@type":"ListItem","position":3,"name":"Bärbel MöllmannCamera obscura Wien (Schlafzimmer)"}]}]}</script>
<!-- / Yoast SEO plugin. -->

Bärbel MöllmannCamera obscura Wien (Schlafzimmer) &mdash; Reclaim Award

For her photographs, Bärbel Möllmann darkens the rooms of an apartment in Vienna. The curtains act as a backdrop as she projects the image of the outside world upside-down. Complete darkness forces the artist&#8217;s eyes to patiently pay attention. Only after a few minutes is she capable of discerning the photograph. She shoots the picture [&hellip;]

Bärbel Möllmann Camera obscura Wien (Schlafzimmer) &mdash; Reclaim Award

Bärbel MöllmannCamera obscura Wien (Schlafzimmer)
